{"id":98,"date":"2015-01-25T16:39:39","date_gmt":"2015-01-25T16:39:39","guid":{"rendered":"http:\/\/lionsclub-svac.org\/?page_id=98"},"modified":"2015-01-25T16:44:58","modified_gmt":"2015-01-25T16:44:58","slug":"le-lionisme","status":"publish","type":"page","link":"http:\/\/lionsclub-svac.org\/?page_id=98","title":{"rendered":"Le Lions Club International"},"content":{"rendered":"<h2>Qu&rsquo;est-ce que le LIONS-Club International?<\/h2>\n<div class=\"page\" title=\"Page 2\">\n<div class=\"section\">\n<div class=\"layoutArea\">\n<div class=\"column\">\n<h3>Une organisation\u00a0bient\u00f4t centenaire !<\/h3>\n<p>Fond\u00e9 aux Etats-Unis en 1917, le LIONS Club International est une association rassemblant plus de 1400000 b\u00e9n\u00e9voles pr\u00e9sents dans plus de 206 pays.<\/p>\n<h3>En France, le LIONS Club c&rsquo;est :<\/h3>\n<p>Pr\u00e8s de 30000 femmes et hommes r\u00e9partis dans 1300 clubs, sans inclinaison religieuse, \u00e9conomique ou politique.<\/p>\n<p>Un million d\u2019heures de b\u00e9n\u00e9volat par an.<\/p>\n<p>18 millions d\u2019euros collect\u00e9s annuellement et int\u00e9gralement affect\u00e9s \u00e0 diff\u00e9rentes oeuvres humanitaires et culturelles.<\/p>\n<p>Une fondation reconnue d\u2019utilit\u00e9 publique.<\/p>\n<p>Des frais de fonctionnement enti\u00e8rement couverts par les cotisations des membres.<\/p>\n<h3>Notre slogan: Nous Servons !<\/h3>\n<\/div>\n<\/div>\n<\/div>\n<\/div>\n<h2>Pr\u00e9sentation du mouvement<\/h2>\n<p>Comme une petite pr\u00e9sentation vaut mieux qu&rsquo;un long discours, voici une introduction interactive (aussi appel\u00e9e \u00ab\u00a0PREZI\u00a0\u00bb).<\/p>\n<div id=\"attachment_100\" style=\"width: 801px\" class=\"wp-caption alignnone\"><a href=\"https:\/\/prezi.com\/hikixi0cctft\/lions-clubs-international\/#\"><img aria-describedby=\"caption-attachment-100\" decoding=\"async\" loading=\"lazy\" class=\"wp-image-100 size-full\" src=\"http:\/\/lionsclub-svac.org\/wp-content\/uploads\/2015\/01\/Screen-Shot-2015-01-25-at-5.39.17-PM.png\" alt=\"\" width=\"791\" height=\"445\" srcset=\"http:\/\/lionsclub-svac.org\/wp-content\/uploads\/2015\/01\/Screen-Shot-2015-01-25-at-5.39.17-PM.png 791w, http:\/\/lionsclub-svac.org\/wp-content\/uploads\/2015\/01\/Screen-Shot-2015-01-25-at-5.39.17-PM-300x169.png 300w\" sizes=\"(max-width: 791px) 100vw, 791px\" \/><\/a><p id=\"caption-attachment-100\" class=\"wp-caption-text\">Pr\u00e9sentation Prezi du Lions Club International.<\/p><\/div>\n<p>&nbsp;<\/p>\n","protected":false},"excerpt":{"rendered":"<p>Qu&rsquo;est-ce que le LIONS-Club International? Une organisation\u00a0bient\u00f4t centenaire ! Fond\u00e9 aux Etats-Unis en 1917, le LIONS Club International est une association rassemblant plus de 1400000 b\u00e9n\u00e9voles pr\u00e9sents dans plus de 206 pays. En France, le LIONS Club c&rsquo;est : Pr\u00e8s<span class=\"ellipsis\">&hellip;<\/span><\/p>\n<div class=\"read-more\"><a href=\"http:\/\/lionsclub-svac.org\/?page_id=98\">Lire la suite &#8250;<\/a><\/div>\n<p><!-- end of .read-more --><\/p>\n","protected":false},"author":1,"featured_media":0,"parent":0,"menu_order":0,"comment_status":"closed","ping_status":"closed","template":"","meta":{"ngg_post_thumbnail":0},"_links":{"self":[{"href":"http:\/\/lionsclub-svac.org\/index.php?rest_route=\/wp\/v2\/pages\/98"}],"collection":[{"href":"http:\/\/lionsclub-svac.org\/index.php?rest_route=\/wp\/v2\/pages"}],"about":[{"href":"http:\/\/lionsclub-svac.org\/index.php?rest_route=\/wp\/v2\/types\/page"}],"author":[{"embeddable":true,"href":"http:\/\/lionsclub-svac.org\/index.php?rest_route=\/wp\/v2\/users\/1"}],"replies":[{"embeddable":true,"href":"http:\/\/lionsclub-svac.org\/index.php?rest_route=%2Fwp%2Fv2%2Fcomments&post=98"}],"version-history":[{"count":5,"href":"http:\/\/lionsclub-svac.org\/index.php?rest_route=\/wp\/v2\/pages\/98\/revisions"}],"predecessor-version":[{"id":105,"href":"http:\/\/lionsclub-svac.org\/index.php?rest_route=\/wp\/v2\/pages\/98\/revisions\/105"}],"wp:attachment":[{"href":"http:\/\/lionsclub-svac.org\/index.php?rest_route=%2Fwp%2Fv2%2Fmedia&parent=98"}],"curies":[{"name":"wp","href":"https:\/\/api.w.org\/{rel}","templated":true}]}}